be 2 + -5 - (-3 - -2). What are the prime factors of l(x)?
2, 7
Let p(f) be the second derivative of -f**4/12 - f**3/6 + 3*f**2/2 + f. Let v(n) = n**2 + 2*n. Let g be v(0). What are the prime factors of p(g)?
3
Let u = 6 + -3. Suppose -u*f = -f - 4. Suppose -2*g + 30 = 2*q, f*q - 76 = -5*g - 2*q. What are the prime factors of g?
2
Suppose 4*x - 12 = -q, -3*x - 24 = -6*x + 3*q. What are the prime factors of x?
2
Let n(m) = 5*m**2 - 4*m - 1. Let t(v) = -11*v**2 + 9*v + 3. Let i(q) = -13*n(q) - 6*t(q). List the prime factors of i(5).
2, 5
Let h be 2 + 0 + 6/(-3). Suppose -2*j - 11 + 3 = h, -3*j - 6 = 2*t. What are the prime factors of t?
3
Let u(x) = -x**3 + 11*x**2 - 2*x + 9. Let c(y) = y**3 - 12*y**2 + 3*y - 10. Let o(a) = -6*c(a) - 7*u(a). What are the prime factors of o(6)?
3
Suppose 0 = 3*t + 5*p + 5, 0 + 2 = t - 2*p. Suppose 3*w = 5*h + 12 + 12, -4*h = t. List the prime factors of w.
2
Suppose 2*o + 19 = 85. What are the prime factors of o?
3, 11
Let t(l) = 14*l**2 + 3*l - 1. Let y be t(-2). Let i = y + -6. List the prime factors of i.
43
What are the prime factors of 2/(-4)*26/(-1)?
13
Suppose -5*g = 3*x - 407, 3*x = -2*x - 5*g + 685. What are the prime factors of x?
139
Suppose 3*j + 47 = 4*j. What are the prime factors of j?
47
Suppose 190 = 7*x - 391. List the prime factors of x.
83
Let d(k) = -22*k - 11. List the prime factors of d(-4).
7, 11
Let v be ((-2)/(-3))/((-2)/(-3)). Suppose -t + 25 = 5*g, -3*t + g = -12 + v. Suppose -t*b = o - 7, 3*b - 4*b + 2*o + 8 = 0. What are the prime factors of b?
2
List the prime factors of (-2)/(-5) + ((-2979)/(-15) - -3).
2, 101
Let z(f) = 7*f + 1. Let k(p) = 8*p + 2. Let q(u) = 5*k(u) - 6*z(u). List the prime factors of q(-4).
2, 3
Let y = 5 + -2. List the prime factors of (-14)/(-4) + y/6.
2
Let y be (0 - 1)*-5*1. Suppose -2*l + 19 = y. List the prime factors of l.
7
Suppose -4*g + 32 + 16 = 0. Let l = 15 - g. List the prime factors of l.
3
Suppose 1 = h - 3*y, 3*h - 3*y = -0*y + 33. List the prime factors of h.
2
Let y(m) = -5*m - 4. Suppose 0 = 5*i - 13 - 7. Let p be y(i). Let k = -16 - p. What are the prime factors of k?
2
Let l(k) = -k**3 - 5*k**2 + 6*k + 8. Let j be (1 - 1)/(3 + -2). Suppose -2*q - 4*i - 32 = j, 3*i = 3*q - 0*i + 3. What are the prime factors of l(q)?
2
Let q be 2 - 4 - (0 - -4). Let p be 4/6*18/(-4). Let o = p - q. What are the prime factors of o?
3
Suppose -10*f + 1976 = 3*f. What are the prime factors of f?
2, 19
Let b(w) = -3*w - 10. Let y(z) = 2*z + 7. Let l(k) = -5*b(k) - 7*y(k). Let u(a) = 6*a - 1. Let n(m) = 5*l(m) - u(m). List the prime factors of n(-6).
2, 3
Let a = 4 + -3. Suppose -3*f + 4*k = -a - 15, 2*f + 4*k = -16. What are the prime factors of -1 + 12 + 1 - f?
2, 3
Let x = 7 - 5. Suppose -2*f = 5*q - x - 94, 0 = 3*q + 3*f - 54. What are the prime factors of q?
2, 5
Suppose 3*r - 4 + 25 = 0. Let c(v) = -v**2 - 11*v - 8. What are the prime factors of c(r)?
2, 5
Let s(l) = -l. Suppose 3*r + 2*v = 5, -3*v - 4 = -v. Let h = r - 12. List the prime factors of s(h).
3
Suppose 6*c = 3*c. Suppose -y - 4 + 13 = c. What are the prime factors of y?
3
List the prime factors of (-16)/(-28) + 3604/14.
2, 3, 43
Let h = 626 + -370. List the prime factors of h.
2
Suppose 5*b - 27 = -2*i - i, b - 2*i = -5. Suppose -3*q + 0*p = -2*p - 34, -b*p + 63 = 5*q. Suppose 0 = 2*z - 0*z - q. List the prime factors of z.
2, 3
Suppose -592 + 1544 = 7*j. List the prime factors of j.
2, 17
Let m(o) = o + 78. What are the prime factors of m(0)?
2, 3, 13
Suppose t + 23 = -2*s, -s - 3*t - 9 = -0*t. Let d be ((-9)/(-3))/(2 - 1). Let v = d - s. List the prime factors of v.
3, 5
Let k be (0 - 5)*(-3)/5. Suppose k*g + 2 - 14 = 0. Suppose -3*d + 55 - 14 = -4*j, 48 = g*d - 4*j. What are the prime factors of d?
7
Let d = 33 - 5. List the prime factors of d.
2, 7
Let l be 18/15 + (-2)/10. Suppose -r + 4 = 3*r, 5*z + 2*r = 22. Suppose -l = v - z. List the prime factors of v.
3
Suppose -2*j - 3 = 1. Let b = 0 - j. Suppose -12 = k - b*k. What are the prime factors of k?
2, 3
Let b(a) = -a**2 + 8*a + 7. Let v = 19 - 14. List the prime factors of b(v).
2, 11
Let c = 15 + -11. Suppose 0 = c*g + 2*z - 48, 0*g + g - 12 = -2*z. What are the prime factors of g?
2, 3
Let a = 0 - 4. List the prime factors of (-58)/(-7) - a/(-14).
2
Let d = 147 - 76. List the prime factors of d.
71
Suppose v = 7 + 64. List the prime factors of v.
71
Let t = -6 - 0. Let s = -1 - t. What are the prime factors of s?
5
Suppose 3*k - 3 = 0, 5*k = 2*o - 6*o - 131. Let j = o + 10. What are the prime factors of (-306)/j - 1/(-4)?
13
Let c(m) = -43*m - 1. What are the prime factors of c(-3)?
2
Suppose -130 = y - 6*y. What are the prime factors of y?
2, 13
Let p be 1*(3 - 2) - -2. Suppose p*o = 2*o + 4. Suppose -o*t + 15 = -3*t. What are the prime factors of t?
3, 5
Let h = 2 + -2. Let o = 2 - 0. Suppose h = o*b - 3*j - 34, -j + 39 = 5*b + 3*j. List the prime factors of b.
11
Let c = 32 + -18. Suppose -c = -4*t + 2. List the prime factors of t.
2
What are the prime factors of (-5)/180*-6 + (-1270)/(-12)?
2, 53
Let k(c) = 50*c - 4. List the prime factors of k(2).
2, 3
Let u = 4 - -16. Let o = -3 + u. What are the prime factors of o?
17
Suppose -c = 3*t - 17, 2*c + 0*t - 7 = 3*t. What are the prime factors of 4/(c/10) - -2?
7
Suppose 0*a + 29 = 3*a - 5*h, 0 = 5*a - 3*h - 27. Suppose -f + 27 = a*f + o, 2*o + 26 = 2*f. What are the prime factors of f?
2
Let l = 7 - 0. What are the prime factors of l?
7
Suppose 3*r - 2 = 4. Suppose 0 = 5*k + 3*g - 27 - 27, 4*k - 30 = 2*g. Suppose x - 1 = -u, 4*x + u = -r*u + k. What are the prime factors of x?
2, 3
Let n be (-1)/4 - 84/(-16). Suppose -l = n - 3. List the prime factors of 3/l*50/(-5).
3, 5
Let v(g) = -3*g + 8. Let t be v(-8). Let m = t - 16. What are the prime factors of m?
2
Let m(w) = 8*w + 69. List the prime factors of m(7).
5
Let y(n) = n**2 - 5*n - 4. Let a be y(6). What are the prime factors of -1 - (8 + a)/(-1)?
3
Let h = -29 - -65. List the prime factors of h.
2, 3
Let n(u) = u**3 - 6*u**2 - 4*u - 6. Let y be n(6). Let w = 44 + y. Suppose l - 3*l + w = 0. List the prime factors of l.
7
Suppose -3*v + 48 = -6. Suppose v = 2*k - 4*j, -2*j = 3*k - 0*j + 5. Suppose -3*o + 4*c + k = -19, o = -2*c + 10. What are the prime factors of o?
2
Suppose 21 = z + 11. List the prime factors of z.
2, 5
Let k = 88 - 6. List the prime factors of k.
2, 41
Let m(a) = 29*a**3 + 2*a. List the prime factors of m(2).
2, 59
Let y(u) = -u**3 - u**2 + u - 2. Let a be -1 + (-2)/(1 - -1). Let c be y(a). Suppose s + c = 2. List the prime factors of s.
2
Let c be (0 + 2)/(-1) - -11. Let y(d) = 2*d + 10. Let f be y(c). Suppose 3*u = f + 2. List the prime factors of u.
2, 5
Let i be 3/(3/(-2))*2. Let l(x) = 2*x - 10. Let b(c) = 2*c - 9. Let t(s) = i*l(s) + 5*b(s). What are the prime factors of t(4)?
3
Let q(h) = 2*h**2 + 4*h + 5. What are the prime factors of q(-5)?
5, 7
Suppose 4*x = 251 + 301. What are the prime factors of x?
2, 3, 23
Let z(v) = v**3 + 7*v**2 + 6*v + 2. Let x be z(-6). Suppose -3*c + b - 2 + 1 = 0, 0 = x*c - 4*b - 6. Let n(r) = -8*r + 1. List the prime factors of n(c).
3
Let z = -3 - -6. Suppose -z - 1 = -2*y. What are the prime factors of y?
2
Let s(m) = -m**2 - 10*m - 3. Let c be s(-11). Let y = 20 + c. What are the prime factors of y?
2, 3
Let i(m) = 6*m - 5. Let u(w) = 1. Let h(y) = -i(y) - 4*u(y). Let j be h(-7). Suppose -5*x - 3 = -4*f, -5*f - 5*x + 17 = -j. List the prime factors of f.
7
Suppose -u + 5*q = 23, -q = -7*u + 2*u + 5. Suppose -u*i + 12 - 4 = 0. List the prime factors of i.
2
Let w(d) = 2*d**2 + 2*d + 3. List the prime factors of w(6).
3, 29
Let b(n) = n - 7. Let w be b(7). Suppose w*l = -4*l + 32. List the prime factors of l.
2
Let i be -4 - -1*(-4 + 2). Let v = i - -8. List the prime factors of 4/(1*1/v).
2
Let a be 19/7 + 6/21. Suppose 5 - 14 = a*o. Let f(r) = -r**3 - r**2 + 3*r - 1. What are the prime factors of f(o)?
2
Let k(n) = -n**3 - 3*n**2 + 10 + 3*n**2 + 0*n**3. What are the prime factors of k(0)?
2, 5
Let w(a) be the first derivative of 1/3*a**3 - 7*a - 9/2*a**2 - 2. What are the prime factors of w(10)?
3
Let a(z) = -z**3 + 44. Let t be a(0). Let w be (-4)/22 + 272/t. Suppose 3*p + 18 = w*p. List the prime factors of p.
2, 3
Let t be (4 + -2 + -6)/(-1). What are the prime 